. Suppose s = 2*j + 2*j. Suppose -3 = -2*w + j. What is the remainder when w is divided by 11?
10
Let q = -3 - -25. Suppose -s = 2*s - 474. Let h = -72 + s. Calculate the remainder when h is divided by q.
20
Calculate the remainder when (-932)/(-16) - (-1)/(-4) is divided by 24.
10
Suppose 4 = a + 4*j - 49, -5*a + 4*j = -385. Suppose -v - 24 = -4*q + q, -v + 25 = 4*q. Suppose 2*c + q = 45. What is the remainder when a is divided by c?
16
Suppose -5*r - 11 = -2*q + 20, 3*r = 2*q - 21. Calculate the remainder when q is divided by 2.
1
Suppose -2*c - 5*c + 21 = 0. Suppose c = -x + 19. What is the remainder when 78 is divided by x?
14
Let l(g) = 6*g - 11. Let s be l(8). Let a = -18 + s. Let v = a - -14. What is the remainder when v is divided by 7?
5
Let u = -2610 - -2901. What is the remainder when u is divided by 3?
0
Suppose -109*c = -103*c - 660. What is the remainder when c is divided by 38?
34
Suppose -9*q + 306 = -15*q. Let h = q - -73. What is the remainder when 38 is divided by h?
16
Let x(g) = g**2 + 3*g + 18. Let z be x(12). Suppose -4*y = 8, 3*y - 6*y - z = -4*o. Calculate the remainder when o is divided by ((-4)/(-2))/(2/17).
14
Let b = -35 + 55. Let l = b + 0. What is the remainder when l is divided by -38*2/(-6) - 10/15?
8
Suppose -6*d = g - d - 36, 4*d = 2*g - 58. Let n = g + -20. Calculate the remainder when 32 is divided by n.
10
Let c = -53 + 95. What is the remainder when 45 is divided by (c/(-15))/(2/(-20))?
17
What is the remainder when 335/4 - (-4)/16 is divided by (-102)/(-4)*(-70)/(-105)?
16
Suppose -8*n + 24 = -4*n. Suppose 14*s - 8*s = 18. Calculate the remainder when (-9)/n*(-1 + -1) is divided by s.
0
Let p(y) = 2*y - 6. Let v be p(6). Suppose 5*i = v*i - 110. What is the remainder when 24 is divided by i/8 - 9/12?
11
Let f = -508 + 525. Calculate the remainder when 51 is divided by f.
0
Suppose -i = -13 - 47. Suppose u + 19 = -n + 75, 221 = 4*n + u. Suppose 56*h - n*h - 21 = 0. Calculate the remainder when i is divided by h.
18
Let m(r) = r**2 - 11*r + 28. Suppose 25 = -5*u, -2*k + 7*k - 3*u - 60 = 0. What is the remainder when m(k) is divided by 2?
0
Suppose 14*h - 315 = -h. Calculate the remainder when 104 is divided by h.
20
Let k(f) be the third derivative of f**5/60 + 4*f**3/3 - f**2. What is the remainder when (0 + 2 - -5)*2 is divided by k(0)?
6
Suppose 6*f - 101 = -5*h + 10*f, 5*h - 49 = -9*f. Let b = 71 - 4. Calculate the remainder when b is divided by h.
16
Let v be -3 + 4 + 1 + 3. Suppose -5*u = 2 + 3, g - 10 = -v*u. Let x = -5 + g. Calculate the remainder when 26 is divided by x.
6
Suppose 0 = -3*c - c. Suppose 5*v = -l + 1, -4*l - v + 4*v + 4 = c. Calculate the remainder when 1 is divided by l.
0
Suppose 2*k + 108 = 6*k - 4*v, -k + 2 = 4*v. Suppose 0 = -26*u + k*u + 48. Calculate the remainder when 71 is divided by u.
11
Suppose -q = -3*t - 107, -2*t = -2*q + q + 106. Let u = q + -51. Calculate the remainder when u is divided by 7.
4
Let y(c) = c**2 - c + 4. Let u(l) = 2 - 3 + 2 + 0*l**2 - 2*l**2 + 22*l. Calculate the remainder when u(9) is divided by y(3).
7
Let f = 391 + -384. Let q(s) = 7 + 4*s**2 + 1 - 4 - 5*s - s**3 + 4*s**2. Calculate the remainder when q(7) is divided by f.
4
Let l = 8 - 17. Let g(a) = -a + 20. What is the remainder when g(l) is divided by 11?
7
Let f = -44 + 65. What is the remainder when 49 is divided by f?
7
Suppose 0*y - 264 = 5*x - 4*y, -108 = 2*x - 4*y. Let q be (x/(-6))/(3/27). Let t = q - 56. What is the remainder when t is divided by 8?
6
Suppose 8*s = -0*s + 96. Let g be 57/21 - s/(-42). Suppose j - 46 = -2*p, -4*p + 1 = -g*p. What is the remainder when j is divided by 9?
8
Suppose 4*m = -25 - 3. Let z(g) = g**2 + 7*g + 7. What is the remainder when 12 is divided by z(m)?
5
Let k be (0 + 1)*-2 + 4. Suppose -4*l - l = -5*t, -2*t = k*l - 12. Suppose 84 = 3*g - l*x, -39 = -2*g - x + 23. What is the remainder when 87 is divided by g?
27
Suppose -5*y + 2*v = 480, -3*y - 2*v - 2*v = 288. Let f = -21 - y. What is the remainder when f is divided by ((-1)/(-2))/(2/104)?
23
What is the remainder when (92 + -5 + 12)*1 is divided by 31?
6
Let p(r) = 18*r - 12. Let i(o) = 6*o - 4. Let j(c) = -14*i(c) + 5*p(c). What is the remainder when 49 is divided by j(5)?
23
Let l(o) = 38*o - 17. Calculate the remainder when l(13) is divided by 16.
13
Suppose 2*u - 19 = -z, 61 = 5*z + 2*u - 18. What is the remainder when 1/((-10)/116)*-5 is divided by z?
13
Suppose 94*m + 8*m = 14382. Suppose -2*o + 3*c = o - 96, 0 = -5*o - 3*c + 192. What is the remainder when m is divided by o?
33
Let f(h) = h**2 - h + 1. Let v be (-4)/(-5)*(-7 + 2). Calculate the remainder when ((-410)/15)/(-3 - 7/(-3)) is divided by f(v).
20
Suppose -2*b = 2*v, -3*v + 2*v - 8 = -b. Suppose 0 = o + b*o - 85. Let c(a) = -7*a - 4. Calculate the remainder when c(-10) is divided by o.
15
Suppose -5*b - 29 = -119. Calculate the remainder when 5 - (1 + -52) - 10/2 is divided by b.
15
Let i be 11 + (4 - (3 - 1)). Suppose 2*g + i = 3*b, -7 = -2*b - b - g. Calculate the remainder when (52*b)/2 + -2 is divided by 13.
11
Suppose 3*u - 3*d - 123 = 0, -128 = 3*u - 7*u - 5*d. What is the remainder when u is divided by 19?
18
Suppose 6*r - 5*r - 98 = 0. What is the remainder when r is divided by 34?
30
Suppose 2*h = -2, 5*b - 2*h + 7*h = 70. Let i = 125 - 82. What is the remainder when i is divided by b?
13
Suppose 0 = -9*a + 70 - 43. Suppose -3*f + 7 = -107. Suppose l = a*l - f. What is the remainder when 73 is divided by l?
16
Suppose 8*u = 4*u + 16. Suppose -d + 27 = 2*o, -7*o + 3*o + u*d = -72. Calculate the remainder when 102 is divided by o.
12
Let c = -26 + -27. Let r = c - -74. What is the remainder when 123 is divided by r?
18
Let x = 80 - 78. Suppose -2*d + 54 = -x*r, 3*d - 8*r + 3*r = 87. What is the remainder when 69 is divided by d?
21
Let c(p) = -28*p**3 - 3*p - 2. Let v be c(-1). Let g = 54 - v. Calculate the remainder when 49 is divided by g.
24
Suppose s + 5*c - 15 = 0, -5*c + 15 = -s - 0*c. Suppose -7*z + 74 + 52 = s. What is the remainder when 35 is divided by z?
17
Let n(y) = 8*y + 6. Let g = -17 - -17. Let f = g - -7. Calculate the remainder when n(f) is divided by 16.
14
Let b = -17 - -59. Suppose -3*h - 4*i = -2*h - 2, h - 2 = i. Suppose -h*d + 2*o + 42 = 0, -d + 3*d - b = 3*o. Calculate the remainder when 40 is divided by d.
19
Let l(g) = -g**2 - 18*g + 494. Calculate the remainder when l(14) is divided by 25.
21
Suppose 4*x - 3*o - 57 = 0, -32 = 3*o - 35. What is the remainder when 147 is divided by x?
12
Suppose 0 = 2*o, -3*j + o - 12 = -7*j. Let s = 14 + -8. Let a = s + 1. What is the remainder when a is divided by j?
1
Let s(h) = 2*h**2 + 61*h - 10. What is the remainder when 82 is divided by s(-31)?
19
Let r = -34 - -54. Suppose -4*x + r = -12. Calculate the remainder when 18 is divided by x.
2
Let d = 7 - -17. Let q = -107 - -154. What is the remainder when q is divided by d?
23
Let m(w) = -12*w - 9. Suppose -748 = -15*a - 19*a. What is the remainder when m(-8) is divided by a?
21
Let c = 5 + -3. Suppose c*d = 4*v - 268, -344 = -v - 4*v - 2*d. Calculate the remainder when v is divided by 35.
33
Suppose g + v = 91, -g = 4*g + 2*v - 455. Let a = g - 47. What is the remainder when a is divided by 9?
8
Let q(v) = 2*v - 4. Let l be q(5). Suppose 3*i = l + 15. Let y = i + -4. What is the remainder when 4 is divided by y?
1
Let a(g) = g**2 - 5*g - 15. Calculate the remainder when a(12) is divided by 16.
5
Suppose -5*h + 7*h = 20. What is the remainder when 36 is divided by h?
6
Suppose 2*n - 3*l = 75 + 22, -l = 5*n - 234. Calculate the remainder when 224 is divided by n.
36
Let t = -425 - -441. What is the remainder when 603 is divided by t?
11
Let l(t) = 109*t - 30. What is the remainder when l(5) is divided by 37?
34
Suppose -2*l + 51 = 4*a + 1, -4*l - 2*a + 100 = 0. Calculate the remainder when 44 is divided by l.
19
Let o be 4/(-3 - 1) + 85. Suppose 0 = -m - m - 5*r + 77, -3*m + 3*r + o = 0. Suppose -5*h = -2*h - 24. Calculate the remainder when m is divided by h.
7
Let h = 46 - 38. Calculate the remainder when 94 is divided by h.
6
Suppose 12*a = 194 + 46. What is the remainder when 176 is divided by a?
16
Let j(r) = 4*r**2 - 33*r + 26. What is the remainder when 735 is divided by j(8)?
15
Suppose 0 = -2*a - h